5).
-15
Let z(u) = -u**2 - 2*u + 4. Calculate z(6).
-44
Let q(h) = h**3 + 15*h**2 - h - 21. Determine q(-15).
-6
Let h(p) = -17*p. What is h(-1)?
17
Let g(s) = s**2 + 17*s + 16. What is g(-8)?
-56
Let k(n) = n**2 - 36*n - 57. Give k(35).
-92
Let p(f) = f**3 - 9*f**2 + 11*f - 2. What is p(8)?
22
Let n(o) = o**3 + 28*o**2 + 27*o + 28. Give n(-27).
28
Let n(b) = 3*b. Determine n(-2).
-6
Let d(o) = o**3 + 8*o**2 + 5*o + 2. What is d(-6)?
44
Let l(k) = 2*k**2 - k + 1. Give l(-2).
11
Let h(k) = -k**2 - 15*k - 16. Determine h(-15).
-16
Let o(j) = j**3 + 2*j**2 + 5*j + 3. Determine o(-3).
-21
Let q(v) = -v + 2. Calculate q(-6).
8
Let p(i) = -226*i + 916. Determine p(4).
12
Let n(g) = 2*g - 6. Calculate n(3).
0
Let u(r) = 5*r + 3. What is u(6)?
33
Let f(u) = 3*u - 35. What is f(13)?
4
Let z(s) = 10*s + 14. Give z(2).
34
Let d(t) = -3*t - 10. Calculate d(-5).
5
Let c(n) = -n**2 + 8*n - 1. Give c(8).
-1
Let t(o) = o**2 + 10*o - 9. Give t(-10).
-9
Let c(o) = -4*o + 20. What is c(8)?
-12
Let d(q) = -q**3 - 16*q**2 - 16*q - 6. Give d(-15).
9
Let l(j) = 25*j - 2. Calculate l(1).
23
Let q(h) = -2*h**2 - 10*h - 9. What is q(-4)?
-1
Let h(k) = 21*k + 10. What is h(-4)?
-74
Let f(v) = -9*v + 101. Give f(8).
29
Let z(h) = h**3 - 8*h**2 - 13*h - 75. Give z(10).
-5
Let c(u) = -134*u - 529. Give c(-4).
7
Let v(c) = -3*c**3 + 2*c**2 - 4*c + 2. Determine v(1).
-3
Let j(o) = -2*o**2 - 4*o. Calculate j(-4).
-16
Let s(f) = f**3 - 9*f - 5. Give s(4).
23
Let l(y) = y**3 - 8*y**2 + 2*y - 13. Determine l(8).
3
Let y(m) = m**3 + 18*m**2 + 9*m - 120. What is y(-17)?
16
Let p(v) = 31*v**2 + 2*v - 2. Determine p(1).
31
Let k(a) = a**2 + 8*a - 71. Determine k(0).
-71
Let l(i) = i**2 + 11*i + 13. Calculate l(-11).
13
Let r(s) = s**2 - 37*s + 35. Calculate r(36).
-1
Let r(i) = 57*i - 387. What is r(7)?
12
Let w(r) = 10*r - 17. Calculate w(-11).
-127
Let a(z) = -z**3 - 7*z**2 + 3*z + 9. Determine a(-7).
-12
Let m(r) = 9*r - 22. What is m(4)?
14
Let l(t) = -3*t + 1. Determine l(3).
-8
Let k(c) = -c**2 - 7*c + 23. Calculate k(-9).
5
Let j(o) = -86*o + 523. What is j(6)?
7
Let k(o) = o**3 - 17*o**2 + 17*o - 7. Give k(16).
9
Let q(g) = -g**3 + 7*g**2 + g - 17. Give q(7).
-10
Let r(u) = 2*u**3 + u**2 + 3*u + 54. Determine r(0).
54
Let h(p) = -4*p + 11. Calculate h(3).
-1
Let q(u) = u**2 + 16*u - 11. Give q(0).
-11
Let p(s) = 4*s - 7. Calculate p(4).
9
Let n(y) = y**3 - 13*y**2 + 11*y + 16. Determine n(12).
4
Let n(t) = -2*t**3 + t**2 + 2*t. Give n(3).
-39
Let m(v) = -8*v**2 - 166*v + 47. Determine m(-21).
5
Let m(a) = -6*a + 36. Give m(7).
-6
Let p(w) = 4*w**3 + 74*w**2 + 36*w + 1. Give p(-18).
1
Let o(k) = 40*k - 475. What is o(11)?
-35
Let o(g) = 2*g**3 + 9*g**2 + 2*g + 52. Calculate o(-5).
17
Let w(n) = -n**2 - 19*n - 18. Determine w(-14).
52
Let z(b) = b**2 + 18*b + 31. Calculate z(-17).
14
Let s(c) = 2*c**2 - 52*c - 43. What is s(27)?
11
Let w(d) = 7*d**3 + d**2 + d - 1. Determine w(-3).
-184
Let d(w) = 12*w + 48. Determine d(-6).
-24
Let y(x) = x**2 - 4*x - 28. Calculate y(-11).
137
Let n(s) = -4*s + 5. What is n(-4)?
21
Let i(c) = 4*c**3 + 63*c**2 - 15*c + 8. Calculate i(-16).
-8
Let l(g) = g**3 - 12*g**2 + 11*g + 15. What is l(11)?
15
Let l(g) = g**2 + g - 46. Give l(0).
-46
Let q(r) = -2*r**2 + 20*r - 53. Determine q(12).
-101
Let x(i) = i**3 - 24*i**2 - 37*i + 305. Calculate x(25).
5
Let v(i) = -2*i**3 - 16*i**2 - 11*i + 25. Give v(-7).
4
Let s(a) = -a**3 - 11*a**2 - 8*a - 82. What is s(-11)?
6
Let s(v) = -4*v**2 + 10. What is s(-2)?
-6
Let y(h) = h**3 - 5*h**2 - 3*h + 4. Give y(5).
-11
Let z(w) = -2*w**2 + w - 46. Calculate z(0).
-46
Let a(i) = i - 78. Give a(-13).
-91
Let o(p) = 3*p - 2. Calculate o(-4).
-14
Let q(o) = -29*o**2 + 59*o - 3. Give q(2).
-1
Let c(j) = -5*j - 6. Calculate c(0).
-6
Let u(q) = q - 17. What is u(-13)?
-30
Let r(q) = -12*q - 7. What is r(-2)?
17
Let r(n) = 25*n - 771. Determine r(31).
4
Let r(s) = s**2 - 9*s - 20. Calculate r(8).
-28
Let w(j) = j**3 - 2*j**2 - 2*j - 1. What is w(-2)?
-13
Let z(s) = s**3 - 25*s**2 - 3*s + 27. Calculate z(25).
-48
Let r(d) = -d**3 - 15*d**2 - 15*d - 8. What is r(-14)?
6
Let h(s) = -s**3 - 21*s**2 + 21*s + 21. Calculate h(-22).
43
Let n(z) = 2*z**2 + 5*z + 1. Determine n(-8).
89
Let v(j) = -j**3 + 14*j**2 - 17*j + 32. Determine v(13).
-20
Let y(m) = -21*m - 91. Give y(-4).
-7
Let q(z) = 31*z - 2. What is q(1)?
29
Let u(l) = -40*l + 57. Determine u(1).
17
Let u(f) = -f**3 - 5*f**2 + 6*f + 1. Determine u(-6).
1
Let w(t) = 5*t. What is w(2)?
10
Let d(a) = -15*a**2 - a + 9. Determine d(-3).
-123
Let c(t) = 5*t**3 + 7*t**2 + 5*t + 4. Give c(-3).
-83
Let n(o) = -36*o + 935. Determine n(26).
-1
Let q(r) = r**2 - 10*r - 96. Determine q(16).
0
Let q(o) = o**2 + 4*o - 32. Calculate q(4).
0
Let z(u) = -u**3 + 14*u**2 + 62*u + 4. Give z(-4).
44
Let m(l) = 9*l**2 + 5*l + 1. Calculate m(-1).
5
Let s(k) = k**2 - 5*k - 12. Calculate s(8).
12
Let p(a) = 5*a - 1. Determine p(0).
-1
Let d(q) = q**3 - 26*q**2 + 27*q - 44. What is d(25)?
6
Let i(p) = p**3 - 26*p**2 + 50*p - 54. Determine i(24).
-6
Let r(j) = -j**3 - 2*j**2 - 3*j - 4. Calculate r(-2).
2
Let q(o) = -16*o + 7. Determine q(3).
-41
Let b(y) = 13*y - 12. Calculate b(1).
1
Let x(a) = -a**3 + 5*a**2 - 4*a - 9. Determine x(3).
-3
Let h(d) = d**3 + 5*d**2 + d - 3. What is h(-4)?
9
Let g(q) = -q + 5. Give g(12).
-7
Let r(c) = c**2 - 10*c + 3. Give r(9).
-6
Let h(y) = -8*y - 23. Calculate h(1).
-31
Let t(p) = -p**3 + 12*p**2 - 11*p + 10. Calculate t(11).
10
Let s(b) = b**2 + b - 8. Calculate s(-5).
12
Let m(o) = 39*o**2 - 3*o - 1. Calculate m(-1).
41
Let q(k) = -k**3 - 14*k**2 + 14*k - 17. What is q(-15)?
-2
Let u(x) = 14*x - 25. Give u(2).
3
Let x(n) = 5*n**2 + 14*n + 8. Determine x(-5).
63
Let x(n) = n**2 - 23*n - 237. Calculate x(-8).
11
Let u(c) = -c**2 + 3*c - 11. Determine u(0).
-11
Let r(h) = -h**3 + 3*h**2 + 4*h + 4. Calculate r(4).
4
Let a(b) = b**2 - 5*b - 4. Calculate a(5).
-4
Let t(g) = -2*g + 2. Give t(-2).
6
Let l(r) = -4*r - 19. What is l(-6)?
5
Let v(z) = -7*z**2 - 1. Determine v(1).
-8
Let u(s) = -s**2 + 15*s - 7. Give u(15).
-7
Let q(p) = 2*p + 103. Calculate q(-18).
67
Let t(w) = -5*w + 5. Determine t(-4).
25
Let m(x) = -x**3 - 6*x**2. Give m(-5).
-25
Let s(f) = -f**2 + 17*f + 43. What is s(19)?
5
Let m(k) = 2*k**3 - 15*k**2 + 12*k - 41. Determine m(7).
-6
Let y(t) = t**3 - 12*t**2 + 11*t - 2. What is y(11)?
-2
Let i(o) = o**2 - 8*o + 8. Give i(6).
-4
Let d(t) = -t**3 + 19*t**2 + 23*t - 64. Give d(20).
-4
Let r(q) = q**2 + 5*q + 26. Calculate r(-11).
92
Let f(y) = 3*y + 13. Calculate f(-6).
-5
Let f(n) = -n**2 - n + 5. Calculate f(2).
-1
Let z(m) = m**2 + 18*m + 16. Determine z(-8).
-64
Let d(l) = -3*l**2 + 22*l - 9. Give d(7).
-2
Let v(p) = -46*p**2 - p. What is v(-1)?
-45
Let s(g) = 42*g - 28. Give s(1).
14
Let q(k) = k**3 + 28*k**2 - 24*k + 148. Give q(-29).
3
Let m(b) = b**2 - 4*b - 8. Give m(6).
4
Let q(b) = -3*b + 21. Calculate q(5).
6
Let w(t) = t - 6. Determine w(-3).
-9
Let q(j) = -10*j + 7. What is q(-3)?
37
Let p(o) = -3*o + 40. Give p(8).
16
Let h(p) = 3*p**2 - 5*p - 4. Calculate h(5).
46
Let z(l) = l**3 + 12*l**2 - 18*l - 10. Determine z(-13).
55
Let s(i) = i**2 + 5*i + 4. Determine s(-5).
4
Let l(m) = -146*m - 307. Calculate l(-2).
-15
Let w(u) = -u**3 + 47*u**2 - 47*u + 14. What is w(46)?
-32
Let v(j) = 3*j**3 - 1. Give v(1).
2
Let j(u) = -2*u**2 + 19*u + 12. What is j(10)?
2
Let l(u) = u**2 + 5*u + 11. Determine l(5).
61
Let f(w) = w**2 - 5*w + 3. Calculate f(1).
-1
Let c(m) = m**2 + 7*m - 4. Calculate c(-7).
-4
Let a(t) = 2*t**2 + 49*t + 206. What is a(-19)?
-3
Let a(g) = -9*g - 27. Give a(-7).
36
Let y(f) = -3*f**2 + 4*f + 3. Determine y(-1).
-4
Let t(u) = -13*u + 57. Determine t(5).
-8
Let w(l) = l**3 + 4*l**2 + 2*l - 10. Determine w(0).
-10
Let y(s) = 3*s - 3. Give y(-8).
-27
Let h(d) = -d + 26. Calculate h(7).
19
Let r(a) = -a - 1. Give r(0).
-1
Let o(q) = q**3 - 6*q**2 + 2*q - 7. Calculate o(6).
5
Let f(j) = -j**2 + 14*j - 14. Give f(5).
31
Let j(b) = b**3 - 9*b**2 + 5*b + 13. Determine j(9).
58
Let k(x) = x**2 - 17*x + 7. What is k(16)?
-9
Let i(j) = j**3 - 8*j**2 + 6*j + 7. Determine i(6).
-29
Let q(m) = m**2 + 9*m - 353. Calculate q(-24).
7
Let g(s) = -s**2 + 6*s. Calculate g(3).
9
Let b(p) = -2*p**2 + 21*p - 12. Calculate b(10).
-2
Let a